{"id":21,"date":"2025-05-10T17:12:18","date_gmt":"2025-05-10T15:12:18","guid":{"rendered":"http:\/\/www.association-la-ruche-artistique-ploubezre.com\/?page_id=21"},"modified":"2026-03-21T15:37:29","modified_gmt":"2026-03-21T14:37:29","slug":"accueil","status":"publish","type":"page","link":"https:\/\/www.association-la-ruche-artistique-ploubezre.com\/index.php\/accueil\/","title":{"rendered":"Accueil"},"content":{"rendered":"\n<figure class=\"wp-block-image size-full\"><img loading=\"lazy\" decoding=\"async\" width=\"274\" height=\"219\" src=\"http:\/\/www.association-la-ruche-artistique-ploubezre.com\/wp-content\/uploads\/2025\/05\/LOGO-RUCHE-14-15-1.jpg\" alt=\"\" class=\"wp-image-75\"\/><\/figure>\n\n\n\n<figure class=\"wp-block-image size-large\"><img loading=\"lazy\" decoding=\"async\" width=\"1024\" height=\"792\" src=\"https:\/\/www.association-la-ruche-artistique-ploubezre.com\/wp-content\/uploads\/2026\/03\/Les-violistes-de-la-Ruche-Artistique--1024x792.jpg\" alt=\"\" class=\"wp-image-226\" srcset=\"https:\/\/www.association-la-ruche-artistique-ploubezre.com\/wp-content\/uploads\/2026\/03\/Les-violistes-de-la-Ruche-Artistique--1024x792.jpg 1024w, https:\/\/www.association-la-ruche-artistique-ploubezre.com\/wp-content\/uploads\/2026\/03\/Les-violistes-de-la-Ruche-Artistique--300x232.jpg 300w, https:\/\/www.association-la-ruche-artistique-ploubezre.com\/wp-content\/uploads\/2026\/03\/Les-violistes-de-la-Ruche-Artistique--768x594.jpg 768w, https:\/\/www.association-la-ruche-artistique-ploubezre.com\/wp-content\/uploads\/2026\/03\/Les-violistes-de-la-Ruche-Artistique--1536x1187.jpg 1536w, https:\/\/www.association-la-ruche-artistique-ploubezre.com\/wp-content\/uploads\/2026\/03\/Les-violistes-de-la-Ruche-Artistique--2048x1583.jpg 2048w\" sizes=\"auto, (max-width: 1024px) 100vw, 1024px\" \/><\/figure>\n\n\n\n<figure class=\"wp-block-image size-large\"><img loading=\"lazy\" decoding=\"async\" width=\"724\" height=\"1024\" src=\"https:\/\/www.association-la-ruche-artistique-ploubezre.com\/wp-content\/uploads\/2026\/03\/Affiche-Flyer-2026-1-724x1024.jpg\" alt=\"\" class=\"wp-image-219\" srcset=\"https:\/\/www.association-la-ruche-artistique-ploubezre.com\/wp-content\/uploads\/2026\/03\/Affiche-Flyer-2026-1-724x1024.jpg 724w, https:\/\/www.association-la-ruche-artistique-ploubezre.com\/wp-content\/uploads\/2026\/03\/Affiche-Flyer-2026-1-212x300.jpg 212w, https:\/\/www.association-la-ruche-artistique-ploubezre.com\/wp-content\/uploads\/2026\/03\/Affiche-Flyer-2026-1-768x1086.jpg 768w, https:\/\/www.association-la-ruche-artistique-ploubezre.com\/wp-content\/uploads\/2026\/03\/Affiche-Flyer-2026-1-1086x1536.jpg 1086w, https:\/\/www.association-la-ruche-artistique-ploubezre.com\/wp-content\/uploads\/2026\/03\/Affiche-Flyer-2026-1.jpg 1191w\" sizes=\"auto, (max-width: 724px) 100vw, 724px\" \/><\/figure>\n\n\n\n<p>A Ploubezre, depuis 2017, la JEMA &#8211; Journ\u00e9e Europ\u00e9enne de la Musique<br>Ancienne- est un rendez-vous annuel permettant aux musiciens f\u00e9rus de ce<br>r\u00e9pertoire de se retrouver et de promulguer la pratique instrumentale<br>(amateur ou professionnel) sur des instruments dits copies d\u2019\u00e9poque.<br>L\u2019organisation de cet \u00e9v\u00e8nement est possible gr\u00e2ce \u00e0 l\u2019association la Ruche<br>Artistique (Nathalie Le Gaouyat, professeur de viole de gambe), \u00e0 tous les<br>musiciens participants (certains viennent du Finist\u00e8re, de Rennes\u2026) et \u00e0 la<br>commune de Ploubezre qui accueille dans les locaux du CAREC ce moment<br>culturel, sympathique, convivial et ouvert \u00e0 tous !<br>Cette journ\u00e9e de rencontres est ponctu\u00e9e de nombreux petits concerts de<br>20mn, (15 moments musicaux). Vous entendrez diff\u00e9rentes formations (vocales<br>et instrumentales) dans des r\u00e9pertoires allant du XVI\u00e8me si\u00e8cle au XVIII\u00e8me<br>si\u00e8cle : Le P\u2019tit quatuor vocal, l\u2019ensemble vocal Anouna, les ensembles<br>instrumentaux Ondeggiando, Quatre quarts, Club des cinq, Les Pavaniteux, et<br>bien s\u00fbr l\u2019ensemble de viole de gambe et fl\u00fbte \u00e0 bec ainsi que la chorale Pollen<br>de la Ruche Artistique.<br>A 14h, vous pourrez entendre le grand ensemble \u00ab Tr\u00e9gor Baroque \u00bb<br>(constitu\u00e9 des musiciens pr\u00e9sents du Tr\u00e9gor et leurs amis) interpr\u00e8tera une<br>Passacaille extraite de l\u2019op\u00e9ra de J. B Lully \u00ab Armide \u00bb. Les violons, traverso,<br>fl\u00fbtes \u00e0 bec, violes de gambe, clavecin, contrebasse,\u2026 accompagneront le<br>ch\u0153ur et le soliste, Raoul Le Chenadec.<br>Le Dimanche 29 Mars, de 10h30 \u00e0 19h<br>Salle du CAREC \u00e0 Ploubezre<br>N\u2019h\u00e9sitez pas \u00e0 venir avec vos familles, nous \u00e9couter, nous rencontrer,<br>d\u00e9couvrir nos instruments et discuter avec les musiciens.<br>L\u2019entr\u00e9e est gratuite.<\/p>\n\n\n\n<p>FORUM SAMEDI 6 SEPTEMBRE <\/p>\n\n\n\n<figure class=\"wp-block-image size-full\"><img loading=\"lazy\" decoding=\"async\" width=\"457\" height=\"635\" src=\"https:\/\/www.association-la-ruche-artistique-ploubezre.com\/wp-content\/uploads\/2025\/07\/FORUM-2025-2026-POUR-SITE.jpg\" alt=\"\" class=\"wp-image-107\" srcset=\"https:\/\/www.association-la-ruche-artistique-ploubezre.com\/wp-content\/uploads\/2025\/07\/FORUM-2025-2026-POUR-SITE.jpg 457w, https:\/\/www.association-la-ruche-artistique-ploubezre.com\/wp-content\/uploads\/2025\/07\/FORUM-2025-2026-POUR-SITE-216x300.jpg 216w\" sizes=\"auto, (max-width: 457px) 100vw, 457px\" \/><\/figure>\n\n\n\n<figure class=\"wp-block-image size-full\"><img loading=\"lazy\" decoding=\"async\" width=\"373\" height=\"492\" src=\"https:\/\/www.association-la-ruche-artistique-ploubezre.com\/wp-content\/uploads\/2025\/11\/CONCERT-DE-NOEL-ILE-BLANCHE-13-12-2025-1.jpg\" alt=\"\" class=\"wp-image-121\" srcset=\"https:\/\/www.association-la-ruche-artistique-ploubezre.com\/wp-content\/uploads\/2025\/11\/CONCERT-DE-NOEL-ILE-BLANCHE-13-12-2025-1.jpg 373w, https:\/\/www.association-la-ruche-artistique-ploubezre.com\/wp-content\/uploads\/2025\/11\/CONCERT-DE-NOEL-ILE-BLANCHE-13-12-2025-1-227x300.jpg 227w\" sizes=\"auto, (max-width: 373px) 100vw, 373px\" \/><\/figure>\n\n\n\n<figure class=\"wp-block-image size-full\"><img loading=\"lazy\" decoding=\"async\" width=\"421\" height=\"578\" src=\"http:\/\/www.association-la-ruche-artistique-ploubezre.com\/wp-content\/uploads\/2025\/11\/CHORALE-POLLEN-2025-2026.jpg\" alt=\"\" class=\"wp-image-123\" srcset=\"https:\/\/www.association-la-ruche-artistique-ploubezre.com\/wp-content\/uploads\/2025\/11\/CHORALE-POLLEN-2025-2026.jpg 421w, https:\/\/www.association-la-ruche-artistique-ploubezre.com\/wp-content\/uploads\/2025\/11\/CHORALE-POLLEN-2025-2026-219x300.jpg 219w\" sizes=\"auto, (max-width: 421px) 100vw, 421px\" \/><\/figure>\n","protected":false},"excerpt":{"rendered":"<p>A Ploubezre, depuis 2017, la JEMA &#8211; Journ\u00e9e Europ\u00e9enne de la MusiqueAncienne- est un rendez-vous annuel permettant aux musiciens f\u00e9rus de cer\u00e9pertoire de se retrouver et de promulguer la pratique instrumentale(amateur ou professionnel) sur des instruments dits copies d\u2019\u00e9poque.L\u2019organisation de cet \u00e9v\u00e8nement est possible gr\u00e2ce \u00e0 l\u2019association la RucheArtistique (Nathalie Le Gaouyat, professeur de viole [&hellip;]<\/p>\n","protected":false},"author":1,"featured_media":0,"parent":0,"menu_order":0,"comment_status":"closed","ping_status":"closed","template":"","meta":{"footnotes":""},"class_list":["post-21","page","type-page","status-publish","hentry"],"_links":{"self":[{"href":"https:\/\/www.association-la-ruche-artistique-ploubezre.com\/index.php\/wp-json\/wp\/v2\/pages\/21","targetHints":{"allow":["GET"]}}],"collection":[{"href":"https:\/\/www.association-la-ruche-artistique-ploubezre.com\/index.php\/wp-json\/wp\/v2\/pages"}],"about":[{"href":"https:\/\/www.association-la-ruche-artistique-ploubezre.com\/index.php\/wp-json\/wp\/v2\/types\/page"}],"author":[{"embeddable":true,"href":"https:\/\/www.association-la-ruche-artistique-ploubezre.com\/index.php\/wp-json\/wp\/v2\/users\/1"}],"replies":[{"embeddable":true,"href":"https:\/\/www.association-la-ruche-artistique-ploubezre.com\/index.php\/wp-json\/wp\/v2\/comments?post=21"}],"version-history":[{"count":7,"href":"https:\/\/www.association-la-ruche-artistique-ploubezre.com\/index.php\/wp-json\/wp\/v2\/pages\/21\/revisions"}],"predecessor-version":[{"id":227,"href":"https:\/\/www.association-la-ruche-artistique-ploubezre.com\/index.php\/wp-json\/wp\/v2\/pages\/21\/revisions\/227"}],"wp:attachment":[{"href":"https:\/\/www.association-la-ruche-artistique-ploubezre.com\/index.php\/wp-json\/wp\/v2\/media?parent=21"}],"curies":[{"name":"wp","href":"https:\/\/api.w.org\/{rel}","templated":true}]}}

<figure class="wp-block-image size-full"><img loading="lazy" decoding="async" width="274" height="219" src="http://www.association-la-ruche-artistique-ploubezre.com/wp-content/uploads/2025/05/LOGO-RUCHE-14-15-1.jpg" alt="" class="wp-image-75"/></figure>



<figure class="wp-block-image size-large"><img loading="lazy" decoding="async" width="1024" height="792" src="https://www.association-la-ruche-artistique-ploubezre.com/wp-content/uploads/2026/03/Les-violistes-de-la-Ruche-Artistique--1024x792.jpg" alt="" class="wp-image-226" srcset="https://www.association-la-ruche-artistique-ploubezre.com/wp-content/uploads/2026/03/Les-violistes-de-la-Ruche-Artistique--1024x792.jpg 1024w, https://www.association-la-ruche-artistique-ploubezre.com/wp-content/uploads/2026/03/Les-violistes-de-la-Ruche-Artistique--300x232.jpg 300w, https://www.association-la-ruche-artistique-ploubezre.com/wp-content/uploads/2026/03/Les-violistes-de-la-Ruche-Artistique--768x594.jpg 768w, https://www.association-la-ruche-artistique-ploubezre.com/wp-content/uploads/2026/03/Les-violistes-de-la-Ruche-Artistique--1536x1187.jpg 1536w, https://www.association-la-ruche-artistique-ploubezre.com/wp-content/uploads/2026/03/Les-violistes-de-la-Ruche-Artistique--2048x1583.jpg 2048w" sizes="auto, (max-width: 1024px) 100vw, 1024px" /></figure>



<figure class="wp-block-image size-large"><img loading="lazy" decoding="async" width="724" height="1024" src="https://www.association-la-ruche-artistique-ploubezre.com/wp-content/uploads/2026/03/Affiche-Flyer-2026-1-724x1024.jpg" alt="" class="wp-image-219" srcset="https://www.association-la-ruche-artistique-ploubezre.com/wp-content/uploads/2026/03/Affiche-Flyer-2026-1-724x1024.jpg 724w, https://www.association-la-ruche-artistique-ploubezre.com/wp-content/uploads/2026/03/Affiche-Flyer-2026-1-212x300.jpg 212w, https://www.association-la-ruche-artistique-ploubezre.com/wp-content/uploads/2026/03/Affiche-Flyer-2026-1-768x1086.jpg 768w, https://www.association-la-ruche-artistique-ploubezre.com/wp-content/uploads/2026/03/Affiche-Flyer-2026-1-1086x1536.jpg 1086w, https://www.association-la-ruche-artistique-ploubezre.com/wp-content/uploads/2026/03/Affiche-Flyer-2026-1.jpg 1191w" sizes="auto, (max-width: 724px) 100vw, 724px" /></figure>



<p>A Ploubezre, depuis 2017, la JEMA &#8211; Journée Européenne de la Musique<br>Ancienne- est un rendez-vous annuel permettant aux musiciens férus de ce<br>répertoire de se retrouver et de promulguer la pratique instrumentale<br>(amateur ou professionnel) sur des instruments dits copies d’époque.<br>L’organisation de cet évènement est possible grâce à l’association la Ruche<br>Artistique (Nathalie Le Gaouyat, professeur de viole de gambe), à tous les<br>musiciens participants (certains viennent du Finistère, de Rennes…) et à la<br>commune de Ploubezre qui accueille dans les locaux du CAREC ce moment<br>culturel, sympathique, convivial et ouvert à tous !<br>Cette journée de rencontres est ponctuée de nombreux petits concerts de<br>20mn, (15 moments musicaux). Vous entendrez différentes formations (vocales<br>et instrumentales) dans des répertoires allant du XVIème siècle au XVIIIème<br>siècle : Le P’tit quatuor vocal, l’ensemble vocal Anouna, les ensembles<br>instrumentaux Ondeggiando, Quatre quarts, Club des cinq, Les Pavaniteux, et<br>bien sûr l’ensemble de viole de gambe et flûte à bec ainsi que la chorale Pollen<br>de la Ruche Artistique.<br>A 14h, vous pourrez entendre le grand ensemble « Trégor Baroque »<br>(constitué des musiciens présents du Trégor et leurs amis) interprètera une<br>Passacaille extraite de l’opéra de J. B Lully « Armide ». Les violons, traverso,<br>flûtes à bec, violes de gambe, clavecin, contrebasse,… accompagneront le<br>chœur et le soliste, Raoul Le Chenadec.<br>Le Dimanche 29 Mars, de 10h30 à 19h<br>Salle du CAREC à Ploubezre<br>N’hésitez pas à venir avec vos familles, nous écouter, nous rencontrer,<br>découvrir nos instruments et discuter avec les musiciens.<br>L’entrée est gratuite.</p>



<p>FORUM SAMEDI 6 SEPTEMBRE </p>



<figure class="wp-block-image size-full"><img loading="lazy" decoding="async" width="457" height="635" src="https://www.association-la-ruche-artistique-ploubezre.com/wp-content/uploads/2025/07/FORUM-2025-2026-POUR-SITE.jpg" alt="" class="wp-image-107" srcset="https://www.association-la-ruche-artistique-ploubezre.com/wp-content/uploads/2025/07/FORUM-2025-2026-POUR-SITE.jpg 457w, https://www.association-la-ruche-artistique-ploubezre.com/wp-content/uploads/2025/07/FORUM-2025-2026-POUR-SITE-216x300.jpg 216w" sizes="auto, (max-width: 457px) 100vw, 457px" /></figure>



<figure class="wp-block-image size-full"><img loading="lazy" decoding="async" width="373" height="492" src="https://www.association-la-ruche-artistique-ploubezre.com/wp-content/uploads/2025/11/CONCERT-DE-NOEL-ILE-BLANCHE-13-12-2025-1.jpg" alt="" class="wp-image-121" srcset="https://www.association-la-ruche-artistique-ploubezre.com/wp-content/uploads/2025/11/CONCERT-DE-NOEL-ILE-BLANCHE-13-12-2025-1.jpg 373w, https://www.association-la-ruche-artistique-ploubezre.com/wp-content/uploads/2025/11/CONCERT-DE-NOEL-ILE-BLANCHE-13-12-2025-1-227x300.jpg 227w" sizes="auto, (max-width: 373px) 100vw, 373px" /></figure>



<figure class="wp-block-image size-full"><img loading="lazy" decoding="async" width="421" height="578" src="http://www.association-la-ruche-artistique-ploubezre.com/wp-content/uploads/2025/11/CHORALE-POLLEN-2025-2026.jpg" alt="" class="wp-image-123" srcset="https://www.association-la-ruche-artistique-ploubezre.com/wp-content/uploads/2025/11/CHORALE-POLLEN-2025-2026.jpg 421w, https://www.association-la-ruche-artistique-ploubezre.com/wp-content/uploads/2025/11/CHORALE-POLLEN-2025-2026-219x300.jpg 219w" sizes="auto, (max-width: 421px) 100vw, 421px" /></figure>

<p>A Ploubezre, depuis 2017, la JEMA &#8211; Journée Européenne de la MusiqueAncienne- est un rendez-vous annuel permettant aux musiciens férus de cerépertoire de se retrouver et de promulguer la pratique instrumentale(amateur ou professionnel) sur des instruments dits copies d’époque.L’organisation de cet évènement est possible grâce à l’association la RucheArtistique (Nathalie Le Gaouyat, professeur de viole [&hellip;]</p>
