{"id":5,"date":"2025-05-10T15:29:50","date_gmt":"2025-05-10T13:29:50","guid":{"rendered":"http:\/\/www.association-la-ruche-artistique-ploubezre.com\/?page_id=5"},"modified":"2025-07-26T09:48:28","modified_gmt":"2025-07-26T07:48:28","slug":"association-la-ruche-artistique-ploubezre","status":"publish","type":"page","link":"https:\/\/www.association-la-ruche-artistique-ploubezre.com\/index.php\/association-la-ruche-artistique-ploubezre\/","title":{"rendered":"LA RUCHE ARTISTIQUE"},"content":{"rendered":"\n<p><\/p>\n\n\n\n<figure class=\"wp-block-image aligncenter size-full\"><img loading=\"lazy\" decoding=\"async\" width=\"274\" height=\"219\" src=\"http:\/\/www.association-la-ruche-artistique-ploubezre.com\/wp-content\/uploads\/2025\/05\/LOGO-RUCHE-14-15.jpg\" alt=\"\" class=\"wp-image-7\"\/><\/figure>\n\n\n\n<h2 class=\"wp-block-heading has-text-align-center\"><strong>Association Culturelle <\/strong><\/h2>\n\n\n\n<p><strong>Association loi 1901, cr\u00e9\u00e9e en 2002&nbsp; g\u00e9r\u00e9e par des b\u00e9n\u00e9voles&nbsp;. <\/strong>&nbsp;&nbsp;<\/p>\n\n\n\n<p><strong>L&rsquo;objectif de l&rsquo;association est de proposer aux  adh\u00e9rents&nbsp;des activit\u00e9s culturelles et artistiques sous forme&nbsp; de cours dispens\u00e9s tout au long de l&rsquo;ann\u00e9e pendant les p\u00e9riodes scolaires<\/strong><\/p>\n\n\n\n<h2 class=\"wp-block-heading has-text-align-center\">Atelier petite enfance<\/h2>\n\n\n\n<h2 class=\"wp-block-heading has-text-align-center\">Les Petits Loupiots<\/h2>\n\n\n\n<figure class=\"wp-block-image size-full is-resized\"><img loading=\"lazy\" decoding=\"async\" width=\"274\" height=\"219\" src=\"http:\/\/www.association-la-ruche-artistique-ploubezre.com\/wp-content\/uploads\/2025\/05\/LOGO-RUCHE-14-15-4.jpg\" alt=\"\" class=\"wp-image-82\" style=\"width:234px;height:auto\"\/><\/figure>\n\n\n\n<p>Cette&nbsp; section&nbsp; s\u2019articule autour des assistantes maternelles de la commune et les enfants dont elles ont la garde.<\/p>\n\n\n\n<p>Le but&nbsp; est de cr\u00e9er un relationnel plus important entre-elles et de faire d\u00e9couvrir aux enfants la vie de groupe \u00e0 travers des jeux et activit\u00e9s ludiques<\/p>\n\n\n\n<p><strong>Club-house salle A.Paugam le mardi matin &amp; jeudi matin<\/strong><\/p>\n\n\n\n<h2 class=\"wp-block-heading has-text-align-center\">Atelier Dessin &amp; Peinture enfants<\/h2>\n\n\n\n<h2 class=\"wp-block-heading\"><\/h2>\n\n\n\n<figure class=\"wp-block-image size-full\"><img loading=\"lazy\" decoding=\"async\" width=\"274\" height=\"219\" src=\"http:\/\/www.association-la-ruche-artistique-ploubezre.com\/wp-content\/uploads\/2025\/05\/LOGO-RUCHE-14-15-5.jpg\" alt=\"\" class=\"wp-image-84\"\/><\/figure>\n\n\n\n<p><strong>Un atelier pour apprendre en couleurs et s\u2019\u00e9panouir avec le pinceau \u00e0 la main !<\/strong><br><br>Notre atelier est ouvert aux enfants \u00e0 partir de 8 ans, d\u00e9sireux de<br>d\u00e9couvrir et d\u00e9velopper leur sens artistique dans une ambiance<br>bienveillante et ludique.<br>Au programme, un apprentissage progressif des bases du dessin :<br>Comprendre les volumes, les proportions, la profondeur,<br>Apprendre \u00e0 cr\u00e9er des d\u00e9grad\u00e9s, des aplats,<br>Observer et repr\u00e9senter le monde qui nous entoure.<br>Nous explorons diff\u00e9rentes techniques artistiques adapt\u00e9es \u00e0 tous les niveaux :<br>Peinture acrylique<br>Dessin au crayon<br>Aquarelle<br>Travail au couteau<br>fusain<br>Pastel sec<br><br>\u00c0 travers des exercices vari\u00e9s, ils d\u00e9couvrent :<br>-Les volumes avec les natures mortes,<br>-Les proportions humaines avec des personnages inspir\u00e9s de l\u2019univers manga,<br>-Et bien plus encore, pour d\u00e9velopper leur \u0153il et leur geste artistique.<br>Ici, chacun progresse \u00e0 son rythme, dans un cadre convivial et<br>stimulant, o\u00f9 l\u2019imaginaire a toute sa place.<\/p>\n\n\n\n<p><strong>Club-house salle A.Paugam le lundi soir &amp; mardi soir<\/strong><\/p>\n\n\n\n<figure class=\"wp-block-image size-full\"><img loading=\"lazy\" decoding=\"async\" width=\"274\" height=\"219\" src=\"http:\/\/www.association-la-ruche-artistique-ploubezre.com\/wp-content\/uploads\/2025\/05\/LOGO-RUCHE-14-15-5.jpg\" alt=\"\" class=\"wp-image-84\"\/><\/figure>\n\n\n\n<h2 class=\"wp-block-heading has-text-align-center\">Atelier Th\u00e9\u00e2tre enfants &amp; Ados<\/h2>\n\n\n\n<figure class=\"wp-block-image size-full\"><img loading=\"lazy\" decoding=\"async\" width=\"274\" height=\"219\" src=\"http:\/\/www.association-la-ruche-artistique-ploubezre.com\/wp-content\/uploads\/2025\/05\/LOGO-RUCHE-14-15-6.jpg\" alt=\"\" class=\"wp-image-91\"\/><\/figure>\n\n\n\n<p>Texte en cours<\/p>\n\n\n\n<p><\/p>\n\n\n\n<p><\/p>\n\n\n\n<p><strong>Salle <\/strong>A PAUGAM CLUB HOUSE vendredi soir et samedi matin<\/p>\n\n\n\n<figure class=\"wp-block-image size-full\"><img loading=\"lazy\" decoding=\"async\" width=\"274\" height=\"219\" src=\"http:\/\/www.association-la-ruche-artistique-ploubezre.com\/wp-content\/uploads\/2025\/05\/LOGO-RUCHE-14-15-7.jpg\" alt=\"\" class=\"wp-image-92\"\/><\/figure>\n\n\n\n<h2 class=\"wp-block-heading has-text-align-center\">Peinture adulte<\/h2>\n\n\n\n<p class=\"has-text-align-center\"><strong>Club-house : salle A.Paugam <\/strong><\/p>\n\n\n\n<figure class=\"wp-block-image size-full\"><img loading=\"lazy\" decoding=\"async\" width=\"274\" height=\"219\" src=\"http:\/\/www.association-la-ruche-artistique-ploubezre.com\/wp-content\/uploads\/2025\/05\/LOGO-RUCHE-14-15-8.jpg\" alt=\"\" class=\"wp-image-95\"\/><\/figure>\n\n\n\n<h2 class=\"wp-block-heading has-text-align-center\">Chant Chorale<\/h2>\n\n\n\n<h2 class=\"wp-block-heading has-text-align-center\">\u00ab\u00a0POLLEN\u00a0\u00bb<\/h2>\n\n\n\n<p>Pratiquer&nbsp; le chant-choral&nbsp; dans la&nbsp; convivialit\u00e9<\/p>\n\n\n\n<p>A l\u2019origine compos\u00e9e d\u2019enfants et d\u2019adultes, la chorale de PLOUBEZRE a \u00e9t\u00e9 cr\u00e9\u00e9e par Raoul Le CHENADEC. Elle est dirig\u00e9e par Jean-Yves BOULAI depuis octobre 2024.<\/p>\n\n\n\n<p>Son r\u00e9pertoire vari\u00e9 est compos\u00e9 de pi\u00e8ces classiques et&nbsp; de chants traditionnels, chansons de vari\u00e9t\u00e9 et gospels. Les pi\u00e8ces, en fran\u00e7ais et langues du monde, sont pour la plupart \u00e9crites \u00e0 quatre voix. La grande majorit\u00e9 du travail s\u2019effectuant par audition et m\u00e9morisation il n\u2019est pas n\u00e9cessaire de savoir lire la musique pour int\u00e9grer ce groupe de Choristes.<\/p>\n\n\n\n<p>La chorale r\u00e9p\u00e8te tous les mercredis de 19h \u00e0 20h30 au \u00ab club house \u00bb salle A PAUGAM en p\u00e9riode scolaire .Toutes les personnes aimant chanter et d\u00e9sireuses de partager l\u2019amour de la musique avec les autres y sont les bienvenues.<\/p>\n\n\n\n<p><strong>Club-house : salle A.Paugam <\/strong><\/p>\n\n\n\n<figure class=\"wp-block-image size-full\"><img loading=\"lazy\" decoding=\"async\" width=\"274\" height=\"219\" src=\"http:\/\/www.association-la-ruche-artistique-ploubezre.com\/wp-content\/uploads\/2025\/05\/LOGO-RUCHE-14-15-9.jpg\" alt=\"\" class=\"wp-image-96\"\/><\/figure>\n\n\n\n<h2 class=\"wp-block-heading has-text-align-center\">Guitare                Piano Viole de gambe <\/h2>\n\n\n\n<p><strong>Pratiquer la musique &nbsp; dans la&nbsp; convivialit\u00e9<\/strong><\/p>\n\n\n\n<p>La musique est votre passion ? La guitare , le piano ou la viole de gambe vous attire mais vous ne savez pas comment aborder la pratique ? Vous souhaitez faire d\u00e9couvrir la musique \u00e0 votre enfant ? Vous aimeriez perfectionner votre pratique en adulte ? Le P\u00f4le Musique de la Ruche vous propose, quels que soient vos go\u00fbts musicaux et votre niveau, de b\u00e9n\u00e9ficier de cours individuels ou collectifs .<br>Avec La Ruche Artistique, vous recevez un enseignement personnalis\u00e9. Votre professeur, fort d\u2019une r\u00e9elle exp\u00e9rience p\u00e9dagogique, saura s\u2019adapter \u00e0 votre profil : \u00e2ge, niveau, rythme, style, objectifs\u2026 Vos cours ont lieu salle de musique de la long\u00e8re du CAREC . Le choix de votre instrument se fait en fonction des styles que vous voulez jouer.&nbsp; L\u2019apprentissage progressif des \u00e9l\u00e9ments cl\u00e9s du solf\u00e8ge est recommand\u00e9. Des exercices pour travailler la dext\u00e9rit\u00e9 et entra\u00eener votre oreille seront propos\u00e9s. Une fois \u00e0 l\u2019aise, vous pourrez jouer tous les styles de musique et m\u00eame improviser ! . Nous avons la possibilit\u00e9 de vous orienter vers une autre des 5 \u00e9coles associatives communautaire et le conservatoire de LTC&nbsp; pour la pratique d\u2019un autre instrument , ceci dans&nbsp; l\u2019esprit de satisfaire tout le monde . Au programme annuel du P\u00f4le Musique , les violistes&nbsp; organisent une \u00ab&nbsp;Journ\u00e9e Europ\u00e9enne de la Musique ancienne \u00bb au CAREC&nbsp; , les choristes \u00ab&nbsp;POLLEN&nbsp;\u00bb et nos musiciens organisent un concert de fin d&rsquo;ann\u00e9e  \u00e0 l\u2019\u00e9glise de PLOUBEZRE et \u00e0 Kerfons &nbsp;et bien d\u2019autres concerts .&nbsp;&nbsp;<\/p>\n\n\n\n<figure class=\"wp-block-image size-full\"><img loading=\"lazy\" decoding=\"async\" width=\"274\" height=\"219\" src=\"http:\/\/www.association-la-ruche-artistique-ploubezre.com\/wp-content\/uploads\/2025\/05\/LOGO-RUCHE-14-15-10.jpg\" alt=\"\" class=\"wp-image-98\"\/><\/figure>\n\n\n\n<p>FORUM<\/p>\n\n\n\n<figure class=\"wp-block-image size-full\"><img loading=\"lazy\" decoding=\"async\" width=\"457\" height=\"635\" src=\"http:\/\/www.association-la-ruche-artistique-ploubezre.com\/wp-content\/uploads\/2025\/07\/FORUM-2025-2026-POUR-SITE.jpg\" alt=\"\" class=\"wp-image-107\" srcset=\"https:\/\/www.association-la-ruche-artistique-ploubezre.com\/wp-content\/uploads\/2025\/07\/FORUM-2025-2026-POUR-SITE.jpg 457w, https:\/\/www.association-la-ruche-artistique-ploubezre.com\/wp-content\/uploads\/2025\/07\/FORUM-2025-2026-POUR-SITE-216x300.jpg 216w\" sizes=\"auto, (max-width: 457px) 100vw, 457px\" \/><\/figure>\n\n\n\n<figure class=\"wp-block-image size-full\"><img loading=\"lazy\" decoding=\"async\" width=\"912\" height=\"642\" src=\"http:\/\/www.association-la-ruche-artistique-ploubezre.com\/wp-content\/uploads\/2025\/07\/TARIFS-2025-2026-POUR-SITE.jpg\" alt=\"\" class=\"wp-image-104\" srcset=\"https:\/\/www.association-la-ruche-artistique-ploubezre.com\/wp-content\/uploads\/2025\/07\/TARIFS-2025-2026-POUR-SITE.jpg 912w, https:\/\/www.association-la-ruche-artistique-ploubezre.com\/wp-content\/uploads\/2025\/07\/TARIFS-2025-2026-POUR-SITE-300x211.jpg 300w, https:\/\/www.association-la-ruche-artistique-ploubezre.com\/wp-content\/uploads\/2025\/07\/TARIFS-2025-2026-POUR-SITE-768x541.jpg 768w\" sizes=\"auto, (max-width: 912px) 100vw, 912px\" \/><\/figure>\n","protected":false},"excerpt":{"rendered":"<p>Association Culturelle Association loi 1901, cr\u00e9\u00e9e en 2002&nbsp; g\u00e9r\u00e9e par des b\u00e9n\u00e9voles&nbsp;. &nbsp;&nbsp; L&rsquo;objectif de l&rsquo;association est de proposer aux adh\u00e9rents&nbsp;des activit\u00e9s culturelles et artistiques sous forme&nbsp; de cours dispens\u00e9s tout au long de l&rsquo;ann\u00e9e pendant les p\u00e9riodes scolaires Atelier petite enfance Les Petits Loupiots Cette&nbsp; section&nbsp; s\u2019articule autour des assistantes maternelles de la commune [&hellip;]<\/p>\n","protected":false},"author":1,"featured_media":0,"parent":0,"menu_order":0,"comment_status":"closed","ping_status":"closed","template":"","meta":{"footnotes":""},"class_list":["post-5","page","type-page","status-publish","hentry"],"_links":{"self":[{"href":"https:\/\/www.association-la-ruche-artistique-ploubezre.com\/index.php\/wp-json\/wp\/v2\/pages\/5","targetHints":{"allow":["GET"]}}],"collection":[{"href":"https:\/\/www.association-la-ruche-artistique-ploubezre.com\/index.php\/wp-json\/wp\/v2\/pages"}],"about":[{"href":"https:\/\/www.association-la-ruche-artistique-ploubezre.com\/index.php\/wp-json\/wp\/v2\/types\/page"}],"author":[{"embeddable":true,"href":"https:\/\/www.association-la-ruche-artistique-ploubezre.com\/index.php\/wp-json\/wp\/v2\/users\/1"}],"replies":[{"embeddable":true,"href":"https:\/\/www.association-la-ruche-artistique-ploubezre.com\/index.php\/wp-json\/wp\/v2\/comments?post=5"}],"version-history":[{"count":18,"href":"https:\/\/www.association-la-ruche-artistique-ploubezre.com\/index.php\/wp-json\/wp\/v2\/pages\/5\/revisions"}],"predecessor-version":[{"id":110,"href":"https:\/\/www.association-la-ruche-artistique-ploubezre.com\/index.php\/wp-json\/wp\/v2\/pages\/5\/revisions\/110"}],"wp:attachment":[{"href":"https:\/\/www.association-la-ruche-artistique-ploubezre.com\/index.php\/wp-json\/wp\/v2\/media?parent=5"}],"curies":[{"name":"wp","href":"https:\/\/api.w.org\/{rel}","templated":true}]}}